{"id":258,"date":"2013-09-10T14:02:09","date_gmt":"2013-09-10T12:02:09","guid":{"rendered":"http:\/\/www.aicdogschool.it\/blog\/?page_id=258"},"modified":"2023-09-15T15:26:27","modified_gmt":"2023-09-15T13:26:27","slug":"educazione-di-base","status":"publish","type":"page","link":"https:\/\/www.aicdogschool.it\/blog\/attivita-e-corsi\/educazione\/educazione-di-base\/","title":{"rendered":"EDUCAZIONE di BASE"},"content":{"rendered":"<p align=\"center\"><a href=\"\/\/www.aicdogschool.it\/blog\/wp-content\/uploads\/2013\/09\/cropped_25.jpg\"><img loading=\"lazy\" decoding=\"async\" class=\"alignnone size-large wp-image-712\" src=\"\/\/www.aicdogschool.it\/blog\/wp-content\/uploads\/2014\/05\/cropped_37-1024x325.jpg\" alt=\"\" width=\"525\" height=\"167\" srcset=\"https:\/\/www.aicdogschool.it\/blog\/wp-content\/uploads\/2014\/05\/cropped_37-1024x325.jpg 1024w, https:\/\/www.aicdogschool.it\/blog\/wp-content\/uploads\/2014\/05\/cropped_37-300x95.jpg 300w, https:\/\/www.aicdogschool.it\/blog\/wp-content\/uploads\/2014\/05\/cropped_37.jpg 1102w\" sizes=\"auto, (max-width: 525px) 100vw, 525px\" \/><\/a><\/p>\n<p style=\"text-align: center;\">Per rendere la convivenza con il nostro amico a quattro zampe pi\u00f9 semplice e piacevole, <strong>A.I.C. Dog School<\/strong> ha ideato il percorso &#8220;Dog basic education&#8221;.<\/p>\n<p style=\"text-align: center;\">Durante questo percorso cane e proprietario imparano a relazionarsi nel migliore dei modi acquisendo gli strumenti per risolvere piccole e grandi difficolt\u00e0 con l&#8217;obbiettivo di avere cos\u00ec una vita pi\u00f9 serena insieme. Verranno affrontati temi come l&#8217;eccitazione, l&#8217;impulsivit\u00e0, la predazione, l&#8217;autocontrollo, si lavorer\u00e0 in pratica sulle principali difficolt\u00e0 riferite, ma anche sui classici scogli, con i quali quasi tutti i neoproprietari si scontrano nella vita quotidiana, come la passeggiata al guinzaglio, il richiamo e molto altro.<\/p>\n<p style=\"text-align: center;\">Il percorso \u00e8 formato da 12 lezioni di cui le prime due sessioni\u00a0 teoriche dedicate ai proprietari, le successive saranno un mix di pratica individuale col cane dove andremo ad affrontare le basi dell\u2019educazione cinofila, ma anche ad approfondire il gioco sociale, le attivit\u00e0 olfattive e di problem solving e un mix di lezioni pratiche collettive.<\/p>\n<p align=\"center\">\n<p align=\"center\">\n","protected":false},"excerpt":{"rendered":"<p>Per rendere la convivenza con il nostro amico a quattro zampe pi\u00f9 semplice e piacevole, A.I.C. Dog School ha ideato il percorso &#8220;Dog basic education&#8221;. Durante questo percorso cane e proprietario imparano a relazionarsi nel migliore dei modi acquisendo gli strumenti per risolvere piccole e grandi difficolt\u00e0 con l&#8217;obbiettivo di avere cos\u00ec una vita pi\u00f9 &hellip; <\/p>\n<p class=\"link-more\"><a href=\"https:\/\/www.aicdogschool.it\/blog\/attivita-e-corsi\/educazione\/educazione-di-base\/\" class=\"more-link\">Leggi tutto<span class=\"screen-reader-text\"> &#8220;EDUCAZIONE di BASE&#8221;<\/span><\/a><\/p>\n","protected":false},"author":4,"featured_media":0,"parent":1219,"menu_order":2,"comment_status":"closed","ping_status":"closed","template":"","meta":{"footnotes":""},"class_list":["post-258","page","type-page","status-publish","hentry"],"_links":{"self":[{"href":"https:\/\/www.aicdogschool.it\/blog\/wp-json\/wp\/v2\/pages\/258","targetHints":{"allow":["GET"]}}],"collection":[{"href":"https:\/\/www.aicdogschool.it\/blog\/wp-json\/wp\/v2\/pages"}],"about":[{"href":"https:\/\/www.aicdogschool.it\/blog\/wp-json\/wp\/v2\/types\/page"}],"author":[{"embeddable":true,"href":"https:\/\/www.aicdogschool.it\/blog\/wp-json\/wp\/v2\/users\/4"}],"replies":[{"embeddable":true,"href":"https:\/\/www.aicdogschool.it\/blog\/wp-json\/wp\/v2\/comments?post=258"}],"version-history":[{"count":19,"href":"https:\/\/www.aicdogschool.it\/blog\/wp-json\/wp\/v2\/pages\/258\/revisions"}],"predecessor-version":[{"id":1462,"href":"https:\/\/www.aicdogschool.it\/blog\/wp-json\/wp\/v2\/pages\/258\/revisions\/1462"}],"up":[{"embeddable":true,"href":"https:\/\/www.aicdogschool.it\/blog\/wp-json\/wp\/v2\/pages\/1219"}],"wp:attachment":[{"href":"https:\/\/www.aicdogschool.it\/blog\/wp-json\/wp\/v2\/media?parent=258"}],"curies":[{"name":"wp","href":"https:\/\/api.w.org\/{rel}","templated":true}]}}