{"id":392,"date":"2013-12-26T19:03:47","date_gmt":"2013-12-26T18:03:47","guid":{"rendered":"http:\/\/www.aicdogschool.it\/blog\/?page_id=392"},"modified":"2023-08-27T15:23:26","modified_gmt":"2023-08-27T13:23:26","slug":"problemi-comportamentali-nel-cane","status":"publish","type":"page","link":"https:\/\/www.aicdogschool.it\/blog\/attivita-e-corsi\/problemi-comportamentali-nel-cane\/","title":{"rendered":"PROBLEMI COMPORTAMENTALI"},"content":{"rendered":"<p align=\"center\"><img loading=\"lazy\" decoding=\"async\" class=\"alignnone size-full wp-image-1179\" src=\"https:\/\/www.aicdogschool.it\/blog\/wp-content\/uploads\/2018\/12\/problemi-comportamentali.jpg\" alt=\"\" width=\"262\" height=\"193\" \/><\/p>\n<p align=\"center\">Alcuni comportamenti, pur essendo un problema per i proprietari, sono attuati da soggetti che presentano condizioni di buona salute comportamentale e sono del tutto &#8220;normali&#8221; nel contesto in cui si manifestano. Molte volte, invece, ci si trova a dover trattare problemi comportamentali che si fondano su difficolt\u00e0 non cos\u00ec evidenti per un occhio inesperto che non possono essere affrontate negli iter educativi di base perch\u00e9, se pur personalizzati, sono interventi ad ampio spettro mentre qui si offre un percorso pi\u00f9 mirato ed approfondito, indispensabile per il miglioramento\/risoluzione del problema.<\/p>\n<p align=\"center\"><img loading=\"lazy\" decoding=\"async\" class=\"alignnone size-full wp-image-1181\" src=\"https:\/\/www.aicdogschool.it\/blog\/wp-content\/uploads\/2018\/12\/problemi-comportamentali2.jpg\" alt=\"\" width=\"275\" height=\"183\" \/><\/p>\n","protected":false},"excerpt":{"rendered":"<p>Alcuni comportamenti, pur essendo un problema per i proprietari, sono attuati da soggetti che presentano condizioni di buona salute comportamentale e sono del tutto &#8220;normali&#8221; nel contesto in cui si manifestano. Molte volte, invece, ci si trova a dover trattare problemi comportamentali che si fondano su difficolt\u00e0 non cos\u00ec evidenti per un occhio inesperto che &hellip; <\/p>\n<p class=\"link-more\"><a href=\"https:\/\/www.aicdogschool.it\/blog\/attivita-e-corsi\/problemi-comportamentali-nel-cane\/\" class=\"more-link\">Leggi tutto<span class=\"screen-reader-text\"> &#8220;PROBLEMI COMPORTAMENTALI&#8221;<\/span><\/a><\/p>\n","protected":false},"author":4,"featured_media":0,"parent":31,"menu_order":7,"comment_status":"closed","ping_status":"closed","template":"","meta":{"footnotes":""},"class_list":["post-392","page","type-page","status-publish","hentry"],"_links":{"self":[{"href":"https:\/\/www.aicdogschool.it\/blog\/wp-json\/wp\/v2\/pages\/392","targetHints":{"allow":["GET"]}}],"collection":[{"href":"https:\/\/www.aicdogschool.it\/blog\/wp-json\/wp\/v2\/pages"}],"about":[{"href":"https:\/\/www.aicdogschool.it\/blog\/wp-json\/wp\/v2\/types\/page"}],"author":[{"embeddable":true,"href":"https:\/\/www.aicdogschool.it\/blog\/wp-json\/wp\/v2\/users\/4"}],"replies":[{"embeddable":true,"href":"https:\/\/www.aicdogschool.it\/blog\/wp-json\/wp\/v2\/comments?post=392"}],"version-history":[{"count":9,"href":"https:\/\/www.aicdogschool.it\/blog\/wp-json\/wp\/v2\/pages\/392\/revisions"}],"predecessor-version":[{"id":1223,"href":"https:\/\/www.aicdogschool.it\/blog\/wp-json\/wp\/v2\/pages\/392\/revisions\/1223"}],"up":[{"embeddable":true,"href":"https:\/\/www.aicdogschool.it\/blog\/wp-json\/wp\/v2\/pages\/31"}],"wp:attachment":[{"href":"https:\/\/www.aicdogschool.it\/blog\/wp-json\/wp\/v2\/media?parent=392"}],"curies":[{"name":"wp","href":"https:\/\/api.w.org\/{rel}","templated":true}]}}