{"id":941,"date":"2018-09-02T14:19:40","date_gmt":"2018-09-02T12:19:40","guid":{"rendered":"http:\/\/www.aicdogschool.it\/blog\/?page_id=941"},"modified":"2025-05-05T17:58:38","modified_gmt":"2025-05-05T15:58:38","slug":"kids-dogs","status":"publish","type":"page","link":"https:\/\/www.aicdogschool.it\/blog\/attivita-e-corsi\/sport-e-divertimento\/kids-dogs\/","title":{"rendered":"KIDS &#038; DOGS"},"content":{"rendered":"<h1><strong><span style=\"color: #ff6600;\">KIDS<\/span><span style=\"color: #800080;\">&amp;<\/span><\/strong><strong style=\"font-size: 1.5rem;\"><span style=\"color: #ff6600;\">DOGS<\/span><\/strong><strong style=\"font-size: 1.5rem;\">\u00a0<span style=\"color: #800080;\">un&#8217;amicizia da coltivare<\/span><\/strong><\/h1>\n<p><img loading=\"lazy\" decoding=\"async\" class=\"alignnone size-large wp-image-1090\" src=\"\/\/www.aicdogschool.it\/blog\/wp-content\/uploads\/2018\/10\/volantinogenerico-724x1024.jpg\" alt=\"\" width=\"525\" height=\"743\" srcset=\"https:\/\/www.aicdogschool.it\/blog\/wp-content\/uploads\/2018\/10\/volantinogenerico-724x1024.jpg 724w, https:\/\/www.aicdogschool.it\/blog\/wp-content\/uploads\/2018\/10\/volantinogenerico-212x300.jpg 212w, https:\/\/www.aicdogschool.it\/blog\/wp-content\/uploads\/2018\/10\/volantinogenerico-768x1086.jpg 768w, https:\/\/www.aicdogschool.it\/blog\/wp-content\/uploads\/2018\/10\/volantinogenerico.jpg 1240w\" sizes=\"auto, (max-width: 525px) 100vw, 525px\" \/><\/p>\n<p style=\"text-align: left;\"><span style=\"color: #3366ff;\"><strong>A.I.C. dog school<\/strong><\/span> \u00e8 lieta di presentarvi\u00a0\u00a0<strong><span style=\"color: #800080;\">\u201cKIDS<\/span><span style=\"color: #ff6600;\">&amp;<\/span><span style=\"color: #800080;\">DOGS<\/span> <span style=\"color: #ff6600;\">un\u2019amicizia da coltivare\u201d<\/span><\/strong>\u00a0 con 4 proposte per i vostri bambini!<br \/>\nBambility\u00ae IN CLASSE, Bambility\u00ae IN CAMPO, Bambility\u00ae BEST FRIENDS, Bambility\u00ae FAMILY LAB.<\/p>\n<p>Innanzi tutto cos\u2019\u00e8 <strong><span style=\"color: #ff00ff;\">Bambility\u00ae<\/span><\/strong>??<br \/>\nBambility\u00ae \u00e8 un\u2019attivit\u00e0 riconosciuta dalla FICSS (Federazione Italiana Cinofilia Sport e Soccorso), un progetto educativo e didattico che mira allo sviluppo delle capacit\u00e0 SOCIALI, EMOTIVE e MOTORIE del bambino attraverso la relazione con il cane.<br \/>\nIl percorso si articola attraverso diversi incontri a cui possono partecipare bambini dai 3 agli 11 anni. Adattandosi alle peculiarit\u00e0 di diversi stadi evolutivi affrontati dal bambino durante la sua crescita le attivit\u00e0 di Bambility\u00ae prevedono una declinazione degli obbiettivi su specifiche fasce di et\u00e0.<br \/>\nDurante gli incontri di Bambility\u00ae i bambini hanno l\u2019opportunit\u00e0 di conoscere il cane, scoprirne il linguaggio, le emozioni, interpretarne in modo corretto comportamenti e bisogni, costruendo via via un bagaglio di esperienze che rappresenta la base di conoscenze indispensabili per instaurare una relazione con l\u2019animale basata sul rispetto.<br \/>\nLa componente ludica costituisce parte centrale e fondamentale del progetto. Ogni incontro di Bambility\u00ae \u00e8 un evento altamente coinvolgente, ricco di attivit\u00e0 pratiche in cui il bambino \u00e8 diretto protagonista ed attraverso il gioco, potr\u00e0 interagire direttamente con i cani. I cani presenti agli incontri, accompagnati e gestiti dal loro conduttore, sono specificatamente preparati per questa tipologia di attivit\u00e0, sia dal punto di vista comportamentale che da quello del benessere e della sicurezza.<br \/>\nAttraverso questa esperienza il bambino \u00e8 in grado di arricchire la propria abilit\u00e0 nel cooperare e nell\u2019interagire con il gruppo, di gestire l\u2019accettazione delle regole, di sviluppare la capacit\u00e0 di riconoscimento dei bisogni dell\u2019altro.<br \/>\nBambility\u00ae \u00e8 il frutto del lavoro di un gruppo di professionisti provenienti da discipline diverse e complementari. Ricercatori nel capo della neuropsicologia, Educatori professionisti nel campo dello sviluppo psicomotorio, Insegnanti e professionisti delle scienze dell&#8217;educazione, Genitori ed Educatori Cinofili.<\/p>\n<p><img loading=\"lazy\" decoding=\"async\" class=\"alignnone size-large wp-image-1229\" src=\"https:\/\/www.aicdogschool.it\/blog\/wp-content\/uploads\/2019\/02\/ok-2-1024x769.jpg\" alt=\"\" width=\"525\" height=\"394\" srcset=\"https:\/\/www.aicdogschool.it\/blog\/wp-content\/uploads\/2019\/02\/ok-2-1024x769.jpg 1024w, https:\/\/www.aicdogschool.it\/blog\/wp-content\/uploads\/2019\/02\/ok-2-300x225.jpg 300w, https:\/\/www.aicdogschool.it\/blog\/wp-content\/uploads\/2019\/02\/ok-2-768x577.jpg 768w, https:\/\/www.aicdogschool.it\/blog\/wp-content\/uploads\/2019\/02\/ok-2.jpg 1781w\" sizes=\"auto, (max-width: 525px) 100vw, 525px\" \/><\/p>\n<p><span style=\"color: #800080;\">Quindi <strong>&gt;&gt;<\/strong><\/span> <span style=\"color: #ff6600;\"><strong>Bambility\u00ae IN CAMPO (dai 3 ai 5 anni)<\/strong>\u00a0<\/span><br \/>\nPrevede 5 INCONTRI della durata di circa 50min, per un massimo di 8 bambini dai 3 ai 5 anni. Progetto che verr\u00e0 proposto con ciclicit\u00e0 durante l&#8217;anno. I cani presenti agli incontri, saranno accompagnati e gestiti dal loro conduttore e specificatamente preparati per questa tipologia di attivit\u00e0.<br \/>\n<span style=\"color: #ff9900;\"><strong>Responsabile del progetto: Milena Bravin (Tecnico Bambility &#8211; Educatore cinofilo).<\/strong><\/span><\/p>\n<p><span style=\"color: #800080;\">Quindi <strong>&gt;&gt;<\/strong><\/span> <span style=\"color: #ff6600;\"><strong>Bambility\u00ae IN CLASSE<\/strong><\/span>\u00a0Pu\u00f2 integrarsi e coadiuvare il progetto educativo e didattico che il bambino sta affrontando a scuola. La struttura verr\u00e0 personalizzata in base alle esigenze e in collaborazione con il corpo docente. Contattaci per avere tutti i dettagli.<br \/>\nResponsabile del progetto: Milena Bravin (Tecnico Bambility &#8211; Educatore cinofilo).<\/p>\n<p><span style=\"color: #800080;\">Quindi <strong>&gt;&gt;<\/strong><\/span> <span style=\"color: #ff6600;\"><strong>Bambility\u00ae BEST FRIENDS (dai 6 agli 10 anni)<\/strong><\/span> prevede un numero da 1 ad infinito di incontri della durata di circa 50min, su appuntamento. Progetto rivolto al bambino e al suo cane di famiglia. Il cane non deve avere problemi comportamentali evidenti. Percorso personalizzato per accrescere la complicit\u00e0 e la conoscenza tra i due protagonisti di questa nuova avventura.<br \/>\nResponsabile del progetto: Milena Bravin (Tecnico Bambility &#8211; Educatore cinofilo).<\/p>\n<p><span style=\"color: #800080;\">Quindi <strong>&gt;&gt;<\/strong><\/span> <span style=\"color: #ff6600;\"><strong>Bambility\u00ae FAMILY LAB (dai 3 ai 5 anni)<\/strong><\/span>\u00a0prevede un numero da 1 ad infinito di incontri della durata di circa 50min, su appuntamento. Progetto rivolto al bambino, al suo cane e alla sua famiglia (mamma e pap\u00e0 oppure nonno e nonna oppure mamma e zia oppure mamma e nonna e chi ne ha pi\u00f9 ne metta \ud83d\ude09 ). Il cane far\u00e0 da guida alle varie attivit\u00e0 dove tutti dovranno mettersi in gioco. Percorso personalizzato per accrescere la complicit\u00e0 e la conoscenza tra tutti i protagonisti di questa nuova avventura.<br \/>\nResponsabile del progetto: Milena Bravin (Tecnico Bambility &#8211; Educatore cinofilo).<\/p>\n<p><span style=\"color: #ff00ff;\"><strong>Per info, costi e prenotazioni manda una mail a milena@aicdogschool.it o manda un SMS al 333 9573832 e sarai ricontattato al pi\u00f9 presto!<\/strong><\/span><\/p>\n<p><img loading=\"lazy\" decoding=\"async\" class=\"alignnone size-large wp-image-1225\" src=\"https:\/\/www.aicdogschool.it\/blog\/wp-content\/uploads\/2019\/02\/okpicc-1024x771.jpg\" alt=\"\" width=\"525\" height=\"395\" srcset=\"https:\/\/www.aicdogschool.it\/blog\/wp-content\/uploads\/2019\/02\/okpicc-1024x771.jpg 1024w, https:\/\/www.aicdogschool.it\/blog\/wp-content\/uploads\/2019\/02\/okpicc-300x226.jpg 300w, https:\/\/www.aicdogschool.it\/blog\/wp-content\/uploads\/2019\/02\/okpicc-768x578.jpg 768w, https:\/\/www.aicdogschool.it\/blog\/wp-content\/uploads\/2019\/02\/okpicc.jpg 1946w\" sizes=\"auto, (max-width: 525px) 100vw, 525px\" \/><\/p>\n<p><img loading=\"lazy\" decoding=\"async\" class=\"alignnone size-large wp-image-1227\" src=\"https:\/\/www.aicdogschool.it\/blog\/wp-content\/uploads\/2019\/02\/best-friends-1-1024x768.jpg\" alt=\"\" width=\"525\" height=\"394\" srcset=\"https:\/\/www.aicdogschool.it\/blog\/wp-content\/uploads\/2019\/02\/best-friends-1-1024x768.jpg 1024w, https:\/\/www.aicdogschool.it\/blog\/wp-content\/uploads\/2019\/02\/best-friends-1-300x225.jpg 300w, https:\/\/www.aicdogschool.it\/blog\/wp-content\/uploads\/2019\/02\/best-friends-1-768x576.jpg 768w, https:\/\/www.aicdogschool.it\/blog\/wp-content\/uploads\/2019\/02\/best-friends-1.jpg 1873w\" sizes=\"auto, (max-width: 525px) 100vw, 525px\" \/><\/p>\n<p><img loading=\"lazy\" decoding=\"async\" class=\"alignnone size-large wp-image-1228\" src=\"https:\/\/www.aicdogschool.it\/blog\/wp-content\/uploads\/2019\/02\/best-friends2picc-1024x768.jpg\" alt=\"\" width=\"525\" height=\"394\" srcset=\"https:\/\/www.aicdogschool.it\/blog\/wp-content\/uploads\/2019\/02\/best-friends2picc-1024x768.jpg 1024w, https:\/\/www.aicdogschool.it\/blog\/wp-content\/uploads\/2019\/02\/best-friends2picc-300x225.jpg 300w, https:\/\/www.aicdogschool.it\/blog\/wp-content\/uploads\/2019\/02\/best-friends2picc-768x576.jpg 768w, https:\/\/www.aicdogschool.it\/blog\/wp-content\/uploads\/2019\/02\/best-friends2picc.jpg 1382w\" sizes=\"auto, (max-width: 525px) 100vw, 525px\" \/><\/p>\n\n\n<p class=\"has-text-color has-link-color wp-elements-9a03dc2ba945d3898d0b330ee39c3f8c\" style=\"color:#ea0188\"><strong>Dai un&#8217;occhiatina al video qui sotto<\/strong> \ud83d\udc40\u2935\ufe0f<\/p>\n\n\n\n<figure class=\"wp-block-image size-large is-resized\"><a href=\"https:\/\/www.instagram.com\/stories\/highlights\/18043820732255008\/\" target=\"_blank\" rel=\" noreferrer noopener\"><img loading=\"lazy\" decoding=\"async\" width=\"576\" height=\"1024\" src=\"https:\/\/www.aicdogschool.it\/blog\/wp-content\/uploads\/2025\/05\/Kids-Dogs-576x1024.jpg\" alt=\"\" class=\"wp-image-1520\" style=\"width:191px;height:auto\" srcset=\"https:\/\/www.aicdogschool.it\/blog\/wp-content\/uploads\/2025\/05\/Kids-Dogs-576x1024.jpg 576w, https:\/\/www.aicdogschool.it\/blog\/wp-content\/uploads\/2025\/05\/Kids-Dogs-169x300.jpg 169w, https:\/\/www.aicdogschool.it\/blog\/wp-content\/uploads\/2025\/05\/Kids-Dogs-768x1365.jpg 768w, https:\/\/www.aicdogschool.it\/blog\/wp-content\/uploads\/2025\/05\/Kids-Dogs-864x1536.jpg 864w, https:\/\/www.aicdogschool.it\/blog\/wp-content\/uploads\/2025\/05\/Kids-Dogs.jpg 1080w\" sizes=\"auto, (max-width: 576px) 100vw, 576px\" \/><\/a><\/figure>\n\n\n\n<p><\/p>\n","protected":false},"excerpt":{"rendered":"<p>KIDS&amp;DOGS\u00a0un&#8217;amicizia da coltivare A.I.C. dog school \u00e8 lieta di presentarvi\u00a0\u00a0\u201cKIDS&amp;DOGS un\u2019amicizia da coltivare\u201d\u00a0 con 4 proposte per i vostri bambini! Bambility\u00ae IN CLASSE, Bambility\u00ae IN CAMPO, Bambility\u00ae BEST FRIENDS, Bambility\u00ae FAMILY LAB. Innanzi tutto cos\u2019\u00e8 Bambility\u00ae?? Bambility\u00ae \u00e8 un\u2019attivit\u00e0 riconosciuta dalla FICSS (Federazione Italiana Cinofilia Sport e Soccorso), un progetto educativo e didattico che mira &hellip; <\/p>\n<p class=\"link-more\"><a href=\"https:\/\/www.aicdogschool.it\/blog\/attivita-e-corsi\/sport-e-divertimento\/kids-dogs\/\" class=\"more-link\">Leggi tutto<span class=\"screen-reader-text\"> &#8220;KIDS &#038; DOGS&#8221;<\/span><\/a><\/p>\n","protected":false},"author":4,"featured_media":0,"parent":375,"menu_order":2,"comment_status":"closed","ping_status":"closed","template":"","meta":{"footnotes":""},"class_list":["post-941","page","type-page","status-publish","hentry"],"_links":{"self":[{"href":"https:\/\/www.aicdogschool.it\/blog\/wp-json\/wp\/v2\/pages\/941","targetHints":{"allow":["GET"]}}],"collection":[{"href":"https:\/\/www.aicdogschool.it\/blog\/wp-json\/wp\/v2\/pages"}],"about":[{"href":"https:\/\/www.aicdogschool.it\/blog\/wp-json\/wp\/v2\/types\/page"}],"author":[{"embeddable":true,"href":"https:\/\/www.aicdogschool.it\/blog\/wp-json\/wp\/v2\/users\/4"}],"replies":[{"embeddable":true,"href":"https:\/\/www.aicdogschool.it\/blog\/wp-json\/wp\/v2\/comments?post=941"}],"version-history":[{"count":16,"href":"https:\/\/www.aicdogschool.it\/blog\/wp-json\/wp\/v2\/pages\/941\/revisions"}],"predecessor-version":[{"id":1523,"href":"https:\/\/www.aicdogschool.it\/blog\/wp-json\/wp\/v2\/pages\/941\/revisions\/1523"}],"up":[{"embeddable":true,"href":"https:\/\/www.aicdogschool.it\/blog\/wp-json\/wp\/v2\/pages\/375"}],"wp:attachment":[{"href":"https:\/\/www.aicdogschool.it\/blog\/wp-json\/wp\/v2\/media?parent=941"}],"curies":[{"name":"wp","href":"https:\/\/api.w.org\/{rel}","templated":true}]}}